 7/6*u**3 + 0 + 1/12*u**5 + 2*u - 1/120*u**6 + 0*u**4. Determine s(5).
-7
Let y(k) = -5*k**3 + k**2 - 1. Let b(g) = g**3 + 14*g**2 - g - 11. Let o be b(-14). Suppose -10 = o*q + 7*q. Give y(q).
5
Let m(f) = f**3 + 8*f**2 + 3*f + 19. Let h be (-6)/(-7) + (-186)/63*3. Determine m(h).
-5
Let w(d) = d + 2. Let p = 140 + -13. Suppose p*y = 119*y - 32. Determine w(y).
-2
Suppose 18*k - 13*k - 10 = 0. Let n(q) = 0 - 2*q**2 + 5*q**2 + 3 - 2*q**k + 6*q. Let d = -3 - -1. What is n(d)?
-5
Let y(g) be the third derivative of -g**5/20 + 3*g**4/4 - 2*g**3/3 + 3*g**2 - 2329. What is y(6)?
-4
Suppose -5*w - 24 = -2*t - 3, 5*t = 4*w + 27. Let p(y) = 216*y + 11*y**3 - 10*y**t - 215*y + 1. What is p(2)?
11
Let s(j) = 4*j + 6. Suppose 4 + 6 = 5*y. Let l(o) = 2*o - 5. Let p be l(4). Let r(b) = -5*b - 6. Let z(d) = p*s(d) + y*r(d). Give z(-6).
-6
Let y(a) = 2*a + 13 - 3*a - 28 + 28. Suppose 3*s + 164 + 73 = 0. Let b = -73 - s. Calculate y(b).
7
Let a(w) = 96026*w**2 - 192056*w**2 + 29 + 96028*w**2. Calculate a(7).
-69
Let n(m) = 7*m**3 - m**2 - 3*m + 1. Let v(t) = 5*t**3 - t**2 - 2*t. Let z(f) = 2*n(f) - 3*v(f). What is z(3)?
-16
Suppose -3*a + 0*a + 66 = 0. Suppose a = -6*l + 76. Let t(v) be the third derivative of -v**4/12 - 3*v**3/2 + 6*v**2. Determine t(l).
-27
Let n(k) = k. Let h be (-9)/(-5)*50*8/60. Let j(c) = -8*c + 4. Suppose -v - 1 = -2*v. Let l(b) = h*n(b) + v*j(b). Give l(4).
20
Let b(z) be the second derivative of z**4/12 - 2*z**3/3 - 9*z**2/2 + 770*z. Determine b(7).
12
Let q(m) = 9*m**2 + 8 + 8 - 4 - 6*m + 61*m + 19*m. Determine q(-8).
-4
Let o(w) be the second derivative of -73*w - 1/12*w**4 + 0 - 1/6*w**3 + w**2 + 3/20*w**5. Suppose 3*k + 2 - 4 = 4*c, -k + 4 = 2*c. Determine o(k).
20
Let h(v) = 1 + 654*v - 1 - 314*v - 350*v. Determine h(3).
-30
Let d(r) = r**2 + 7*r - 12*r - 401 - 408 + 1192 - 401. Give d(6).
-12
Let f(s) be the third derivative of 7*s**4/24 + 11*s**3/3 + 5*s**2 - 19*s. Give f(-5).
-13
Suppose 0 = 7*z - 9*z. Let p(q) = 4*q + 16. Let x be p(z). Suppose -4*d + i + i = x, 0 = 4*d + 5*i + 16. Let k(b) = -b**2 - b + 4. What is k(d)?
-8
Let v be (-104)/1*(66/4 - 11). Let c = v + 566. Let s(p) be the first derivative of -p**3/3 - 3*p**2 + 6*p + 1. Determine s(c).
6
Let r(j) be the second derivative of -1 - j + 1/12*j**4 - 3*j**2 - 11/6*j**3. Determine r(11).
-6
Let p(k) be the second derivative of k**5/20 - k**4/6 + 2*k**3/3 - k**2 + k - 1114. Let z(f) = -f**3 + 2*f**2 + 2. Let q be z(2). What is p(q)?
6
Let i(x) = -2*x**3 - 55. Let w(y) = y**3 + 5*y**2 + 15*y + 18. Let n be w(-2). Determine i(n).
-55
Suppose 5*c + 5*y = 0, 5*c - 5*y - 14 = -4. Let m(h) = -h - 8. Let z(g) = 1. Let p be 4 - (4 - 3) - 1*-1. Let r(o) = c*m(o) + p*z(o). Determine r(-2).
-2
Let y(s) = -8*s + 1. Suppose -i + 7 = d + 4*d, -3*d = 2*i. Suppose 6*z + d*l = z + 14, 5*l - 12 = -z. Suppose 0 = z*j + j + 6. What is y(j)?
17
Let b(v) be the third derivative of -v**8/10080 - v**7/5040 + v**6/360 - 3*v**5/5 - v**4/24 - v**2 + 51. Let p(u) be the third derivative of b(u). Give p(-2).
-4
Let n(c) be the second derivative of 0 + 3*c - 1/3*c**3 - c**2 + 1/20*c**5 + 1/4*c**4. Let y = -549 + 546. What is n(y)?
4
Let z be 57/171*(-6 + 3). Let k(j) = -6*j**3 - j - 6*j**3 + 3*j**3. Give k(z).
10
Let x(n) = -5*n - n**2 - 552 + 533 - 2*n. Determine x(-4).
-7
Let y(f) = f - 10. Let a be 1*-3*400/75. Let s be ((-27)/(-12))/(28/a + 2). Let k be 0 - s/21 - (-18)/42. Determine y(k).
-10
Let p(h) = -h + 4. Let f = -14 - -33. Let l = -10 + f. Let i be (-4)/((-12)/l)*3. What is p(i)?
-5
Suppose -13*g - 1350 = 2225. Let i = 272 + g. Let m(j) = j**2 - j + 4. Determine m(i).
16
Let h = -2 + 10. Suppose 5*d = -h*w + 5*w + 38, 0 = -4*w - 2*d + 32. Suppose 3*v = -6 + w. Let t(g) = g**3 - g**2 + g + 2. Calculate t(v).
2
Let w(o) be the first derivative of o**6/120 - o**5/30 - 5*o**4/24 - o**3/6 + 91*o**2/2 - o + 96. Let m(j) be the second derivative of w(j). Give m(4).
11
Let r = 24080 + -24073. Let h(n) be the first derivative of -7 - 1/3*n**3 - 3*n**2 + r*n. Give h(-8).
-9
Let q(u) be the second derivative of -u**6/180 + u**5/120 + 7*u**4/12 + 17*u**2/2 - 141*u - 2. Let z(c) be the third derivative of q(c). Determine z(-2).
9
Let d(s) = -14*s**2 - s. Let p = -83 + 84. Calculate d(p).
-15
Suppose 0 = 2*k - 9 + 1. Let z(w) be the first derivative of 4/3*w**3 - 1/4*w**4 - w**2 + 4*w - 38. Calculate z(k).
-4
Let f(u) = -u + 3. Let o(d) = 11*d - 21. Let s(z) = 18*f(z) + 2*o(z). Suppose 0 = 2*n + 2*a + 8, -4 + 0 = -4*a. Give s(n).
-8
Let m = 120 - 109. Let t(a) = -13*a - 14 + a**2 + 38 - 12. What is t(m)?
-10
Let m(s) = 4*s**2 + 6*s + 4. Let d = -3614 - -3612. What is m(d)?
8
Let k(c) = c**2 + 11*c + 28. Suppose 186 = -82*u + 51*u. What is k(u)?
-2
Let q(c) = -5*c**2 + 201*c - 676. Let n(f) = -2*f**2 + 81*f - 270. Let x(l) = -12*n(l) + 5*q(l). What is x(28)?
0
Let s(h) = h**3 - 9*h**2 + 21*h - 12. Let c be s(6). Let v(y) = 16*y - 7*y - 9*y - c - 3*y + 2*y**2. What is v(5)?
29
Let j(s) be the second derivative of s**5/60 + s**3 - 53*s**2/2 - 9*s + 1. Let b(n) be the first derivative of j(n). Determine b(0).
6
Suppose 4*n + 4*g = 0, 137*n + g - 20 = 141*n. Let j(l) = l**3 + 4*l**2 - 3*l - 3. Give j(n).
9
Suppose -165 = -48*p + 43*p. Let s(l) = l - 33. Give s(p).
0
Let h(a) = a**2 + 30*a + 9. Suppose 1440 = -786*u + 738*u. Calculate h(u).
9
Let k(w) = 21 - 21*w + 9*w + 5*w + 26 - 45. What is k(2)?
-12
Let f(j) = -j**2 + 9*j + 10. Suppose 109*m - 114 = 552 - 12. Determine f(m).
28
Let v be 3/((8/(-12))/(28/(-18))). Suppose 2 - v = -o. Let f(q) = -12*q - 3. Let x(r) = -r - 1. Let h(b) = o*x(b) - f(b). Calculate h(-2).
-16
Let w(x) = x - 1. Let l(q) = -10*q + 1. Let s(i) = 17*i - 2. Let t(n) = 5*l(n) + 3*s(n). Let j(v) = 3*t(v) - 2*w(v). Determine j(-2).
-3
Let d(b) = 16*b**2 + 22*b - 4. Let i(p) = 7*p**2 + 10*p - 3. Let z(x) = 3*d(x) - 7*i(x). Calculate z(4).
-23
Suppose -3*s - 3*f = -0*s - 12, 2*s - 3*f = 8. Let h(z) = 11*z - z**3 + 11*z + 3*z**2 - 20*z + 2. Determine h(s).
-6
Let i(w) = -9*w - 77. Let v be i(-9). Let m(r) = 2*r + 21. Let x be m(-9). Let n(q) = -2*q + 4*q**3 - 6*q**x + 5*q**3 - 2*q**3 - 3*q**2 + 6. Determine n(v).
14
Let v(c) be the third derivative of c**4/24 - c**2. Suppose 11*x + 3364 = 15*x. Let r = 835 - x. Determine v(r).
-6
Let r(t) = t - 5. Suppose b + 8*g - 43 = 5*g, -3 = -3*g. Let y be (8 - (-93)/(-12))*b. Calculate r(y).
5
Let u(w) be the first derivative of w**4/4 + w**3/3 - 2*w**2 - 56*w - 2792. What is u(0)?
-56
Let c(a) be the second derivative of 11*a**4/12 - 25*a**3/6 - a**2 + 13*a + 171. Calculate c(3).
22
Let a be 5 + (80/(-56))/((-6)/21). Let c(q) = q**2 - 30*q + 201. Calculate c(a).
1
Suppose 3*n = 2*z + 75 - 66, 4*z + 4*n - 12 = 0. Let a(s) = s**2 - 44*s - 5. Determine a(z).
-5
Let g(v) = v**2 + 11. Let y(a) = 4*a - 101. Let h be y(27). Let q(r) = -3. Let w(f) = h*q(f) + 2*g(f). Give w(3).
19
Let f(i) = -2*i + 14. Let j be f(8). Let c(h) = -3*h**2 - 5*h + 2. Let d(b) = -b**2 - 2*b + 1. Let r(p) = j*c(p) + 5*d(p). What is r(-1)?
2
Let r(d) = -2*d**3 - 11*d**2 + 2*d - 11. Suppose 0 = k + 1 + 9 - 4. Determine r(k).
13
Let v(j) = 3*j + 1. Let h(o) = -14*o - 14. Suppose 0 = -7*c - 8 - 27. Let b(l) = c*v(l) - h(l). Calculate b(4).
5
Let h be (-330)/15*(-2)/4. Let z(m) be the first derivative of -m**4/4 + 4*m**3 - 11*m**2/2 - 6*m - 897. What is z(h)?
-6
Let w(m) = 2*m**3 - 17*m**2 - 55*m + 93. Let f(j) = -5*j**3 + 51*j**2 + 162*j - 276. Let q(h) = -3*f(h) - 8*w(h). Determine q(-13).
6
Suppose 2*x + x = -2*j, 3*x - 9 = -5*j. Let q(s) = -12033 + 12033 - s**3 + 3*s**2 - 4*s + 2*s**2. Determine q(j).
6
Let z(j) = j**3 - 5*j**2 - 6*j - 5. Let n be 16/(-10)*(180/(-8))/(-1). Let x be 115/20 - (n/16)/9. Determine z(x).
-5
Let f(u) = u**3 - 19*u**2 + 2*u - 40. Let c be 6/9*(-3078)/(-108). Determine f(c).
-2
Let o(d) = -3 + 6 + 2 - d**2 - 6*d. Let q = -142 - -152. Suppose i + 10 = 2*n, -5*i = -5*n + q*n + 20. Give o(i).
5
Let v(q) = -q - 3. Suppose 6*n - 1 - 35 = 0. Suppose 6*w - 31 = 3*w - m, 11 = 3*w + 5*m. Suppose n*j = 9*j + w. What is v(j)?
1
Let d(q) be the third derivative of -q**6/120 + 11*q**5/60 - 11*q**4/24 + q**3 + 3*q**2 + 74*q + 1. Calculate d(10).
-4
Let v be (-5 + 1)*((-8 - 0) + 10). Let b(g) = -g**2 - 9*g - 12. Let n be b(v). Let q(y) = -y - 13. Calculate q(n).
